 12789426 is divided by 1065781?
54
What is the remainder when 97875892 is divided by 9787589?
2
Calculate the remainder when 64481 is divided by 8049.
89
Calculate the remainder when 94279 is divided by 2779.
2572
What is the remainder when 5476653 is divided by 426?
423
Calculate the remainder when 115666101 is divided by 15.
6
Calculate the remainder when 8280214 is divided by 200.
14
Calculate the remainder when 50931615 is divided by 50931578.
37
Calculate the remainder when 63651771 is divided by 20.
11
Calculate the remainder when 57181554 is divided by 47063.
9
Calculate the remainder when 9538553 is divided by 135.
128
What is the remainder when 18496744 is divided by 859?
756
What is the remainder when 31189384 is divided by 2293?
2291
Calculate the remainder when 4204850 is divided by 19199.
269
What is the remainder when 7283455 is divided by 640?
255
Calculate the remainder when 2851958 is divided by 129633.
32
What is the remainder when 128137 is divided by 1067?
97
Calculate the remainder when 26836 is divided by 1095.
556
What is the remainder when 17303561 is divided by 439?
376
Calculate the remainder when 49084 is divided by 9731.
429
What is the remainder when 5581471 is divided by 104?
103
Calculate the remainder when 167943 is divided by 893.
59
What is the remainder when 735716 is divided by 367832?
52
What is the remainder when 79703 is divided by 70573?
9130
What is the remainder when 123680 is divided by 4985?
4040
Calculate the remainder when 16501739 is divided by 279.
5
Calculate the remainder when 6342096 is divided by 297.
255
Calculate the remainder when 12450073 is divided by 1911.
1819
What is the remainder when 534749825 is divided by 39?
38
Calculate the remainder when 4199291 is divided by 67.
66
Calculate the remainder when 19645807 is divided by 26.
25
Calculate the remainder when 11664184 is divided by 139.
138
What is the remainder when 1081180 is divided by 1473?
1471
What is the remainder when 19188684 is divided by 6396181?
141
What is the remainder when 2720169 is divided by 5104?
4841
Calculate the remainder when 23770 is divided by 7855.
205
What is the remainder when 51080 is divided by 947?
889
What is the remainder when 710226 is divided by 448?
146
Calculate the remainder when 19460803 is divided by 44.
43
Calculate the remainder when 4970 is divided by 162.
110
Calculate the remainder when 780289 is divided by 10271.
9964
Calculate the remainder when 2975410 is divided by 1102.
10
Calculate the remainder when 77934 is divided by 7790.
34
What is the remainder when 16771920 is divided by 53?
17
Calculate the remainder when 1416491 is divided by 1533.
1532
Calculate the remainder when 1901345 is divided by 249.
230
What is the remainder when 58735333 is divided by 242?
239
What is the remainder when 126968 is divided by 14107?
5
What is the remainder when 534254 is divided by 533211?
1043
Calculate the remainder when 21222 is divided by 21203.
19
What is the remainder when 700623 is divided by 2007?
180
What is the remainder when 107436283 is divided by 22?
9
What is the remainder when 289738 is divided by 16855?
3203
What is the remainder when 66574634 is divided by 66574630?
4
Calculate the remainder when 2153904 is divided by 2543.
2526
Calculate the remainder when 44606 is divided by 134.
118
Calculate the remainder when 203861 is divided by 885.
311
What is the remainder when 392629 is divided by 72?
13
Calculate the remainder when 81787261 is divided by 13.
10
What is the remainder when 4014292 is divided by 1338082?
46
Calculate the remainder when 32229 is divided by 10511.
696
What is the remainder when 3436122 is divided by 55?
52
Calculate the remainder when 3478935 is divided by 1159641.
12
Calculate the remainder when 288816 is divided by 7593.
282
What is the remainder when 223632 is divided by 628?
64
What is the remainder when 8400914 is divided by 148?
138
Calculate the remainder when 426333 is divided by 14692.
265
Calculate the remainder when 6610096 is divided by 264400.
96
Calculate the remainder when 341486 is divided by 12950.
4786
What is the remainder when 1619537 is divided by 115?
107
Calculate the remainder when 2542 is divided by 98.
92
What is the remainder when 53105208 is divided by 8850867?
6
Calculate the remainder when 1528968 is divided by 191121.
0
What is the remainder when 57533 is divided by 391?
56
Calculate the remainder when 118555808 is divided by 1012.
8
What is the remainder when 399573 is divided by 2103?
3
Calculate the remainder when 2522315 is divided by 304.
27
Calculate the remainder when 113160651 is divided by 1628.
1627
What is the remainder when 64992516 is divided by 955?
946
Calculate the remainder when 672375 is divided by 38.
3
What is the remainder when 36530556 is divided by 84?
48
What is the remainder when 5116407 is divided by 1279097?
19
Calculate the remainder when 183454 is divided by 588.
586
What is the remainder when 13856978 is divided by 236?
2
Calculate the remainder when 103124564 is divided by 88.
4
What is the remainder when 272068 is divided by 271365?
703
What is the remainder when 719167 is divided by 30?
7
What is the remainder when 1079380 is divided by 377?
29
Calculate the remainder when 2403804 is divided by 64960.
284
Calculate the remainder when 2326722 is divided by 126.
6
Calculate the remainder when 1168594 is divided by 73028.
146
What is the remainder when 86060797 is divided by 1959?
1927
What is the remainder when 777255 is divided by 220?
215
What is the remainder when 2441411 is divided by 813795?
26
What is the remainder when 1432590 is divided by 65?
55
What is the remainder when 23625 is divided by 5649?
1029
Calculate the remainder when 2252 is divided by 1525.
727
What is the remainder when 805077 is divided by 804670?
407
Calculate the remainder when 9347725 is divided by 21.
16
Calculate the remainder when 218170 is divided by 273.
43
Calculate the remainder when 129721 is divided by 364.
137
Calculate the remainder when 11432188 is divided by 707.
705
What is the remainder when 1458227 is divided by 627?
452
What is the remainder when 5540120 is divided by 430?
0
Calculate the remainder when 113396 is divided by 2221.
125
Calculate the remainder when 341868 is divided by 315.
93
Calculate the remainder when 3054403 is divided by 56.
51
What is the remainder when 621703 is divided by 217?
215
What is the remainder when 307500501 is divided by 2105?
2101
What is the remainder when 41388 is divided by 13520?
828
Calculate the remainder when 4519880 is divided by 270.
80
What is the remainder when 94132 is divided by 410?
242
Calculate the remainder when 29266 is divided by 20.
6
Calculate the remainder when 1424576 is divided by 414.
2
What is the remainder when 399267 is divided by 131122?
5901
What is the remainder when 312749 is divided by 312712?
37
What is the remainder when 1414616 is divided by 393?
209
Calculate the remainder when 171585981 is divided by 284.
281
Calculate the remainder when 2527353 is divided by 133010.
163
Calculate the remainder when 5928609 is divided by 7392.
225
Calculate the remainder when 4388821 is divided by 424.
421
Calculate the remainder when 1664782 is divided by 757.
139
Calculate the remainder when 33339518 is divided by 27.
26
What is the remainder when 8539348 is divided by 211?
178
What is the remainder when 635150 is divided by 105794?
386
What is the remainder when 813270 is divided by 90352?
102
What is the remainder when 1091372 is divided by 272836?
28
Calculate the remainder when 49011122 is divided by 62.
60
Calculate the remainder when 113547298 is divided by 940.
938
What is the remainder when 172605 is divided by 1646?
1421
What is the remainder when 287895 is divided by 352?
311
What is the remainder when 8710388 is divided by 30?
8
Calculate the remainder when 21378557 is divided by 129567.
2
What is the remainder when 94250758 is divided by 1479?
4
What is the remainder when 5358170 is divided by 9351?
47
Calculate the remainder when 8074951 is divided by 2422.
3
Calculate the remainder when 1135104 is divided by 180.
24
What is the remainder when 112456 is divided by 1051?
1050
Calculate the remainder when 14722 is divided by 255.
187